09 composite?
True
Is 873671303 a composite number?
True
Is 3740145779 a prime number?
False
Is 463277231 composite?
False
Is 21333609083 a prime number?
False
Is 57402630079 a composite number?
True
Is 316504039 a composite number?
False
Is 884315933 prime?
True
Is 3340796261 a prime number?
False
Is 279529771 prime?
True
Is 14786292853 a composite number?
False
Is 263651123 a prime number?
True
Is 440476991 a prime number?
True
Is 90156467 a composite number?
False
Is 186325337 prime?
False
Is 57970697383 a prime number?
True
Is 16843359529 a composite number?
True
Is 310452629 a composite number?
False
Is 22135935599 composite?
True
Is 332040313 prime?
False
Is 1368062249 a composite number?
False
Is 80346040291 prime?
False
Is 2878939981 composite?
False
Is 1955462833 a prime number?
False
Is 27820775207 composite?
False
Is 767416553 composite?
True
Is 1476643151 a composite number?
False
Is 253646269 a prime number?
True
Is 1477228451 composite?
False
Is 983429899 prime?
False
Is 9085640017 prime?
True
Is 4981231579 a composite number?
False
Is 44511383827 composite?
False
Is 574989341 composite?
False
Is 2358314389 a prime number?
False
Is 2664715279 composite?
True
Is 10671129299 composite?
False
Is 131512141 a composite number?
False
Is 13548371939 composite?
True
Is 3845131937 composite?
True
Is 2015037211 composite?
True
Is 24183053059 composite?
True
Is 1943827111 prime?
True
Is 40821957713 composite?
False
Is 111707977 composite?
False
Is 1265889031 composite?
True
Is 2478412597 composite?
False
Is 2988928177 a prime number?
False
Is 2262826067 prime?
True
Is 2317359637 a composite number?
True
Is 354010609 composite?
True
Is 15176444977 a prime number?
False
Is 138158381 prime?
True
Is 78922009 a prime number?
False
Is 2143575493 a prime number?
False
Is 1409350463 composite?
False
Is 12355300453 a composite number?
False
Is 969304067 a prime number?
True
Is 9830507009 prime?
False
Is 536887653 a prime number?
False
Is 1500263081 prime?
False
Is 8797336327 a composite number?
True
Is 4249706167 composite?
True
Is 1050181637 a composite number?
True
Is 27064585631 prime?
False
Is 64354418929 a prime number?
True
Is 206659945487 a composite number?
False
Is 5346530461 a composite number?
True
Is 1998141793 composite?
False
Is 4206084419 a prime number?
False
Is 2344279393 prime?
False
Is 17962130587 a composite number?
True
Is 13886170223 a composite number?
True
Is 5511135233 a composite number?
True
Is 414861767 a prime number?
True
Is 4100475523 a prime number?
True
Is 82529603297 a composite number?
False
Is 257312539 prime?
False
Is 946508917 prime?
True
Is 7565090087 composite?
True
Is 94718936671 prime?
True
Is 989541107 a composite number?
False
Is 16487644741 a prime number?
True
Is 12333499147 a composite number?
False
Is 8027253497 a composite number?
False
Is 4353224074 prime?
False
Is 831942469 a composite number?
False
Is 793374139 prime?
False
Is 608842097 a prime number?
False
Is 8776425895 prime?
False
Is 11977344095 prime?
False
Is 82381776187 a composite number?
True
Is 460026533 a prime number?
False
Is 71625192983 prime?
False
Is 59627346589 prime?
True
Is 2132463769 composite?
False
Is 1903824541 composite?
False
Is 45593281273 a composite number?
False
Is 217220549311 composite?
False
Is 671900263 a composite number?
False
Is 12718737803 composite?
False
Is 52271890361 a prime number?
False
Is 86796419 composite?
False
Is 28798450951 a prime number?
True
Is 21393683 a prime number?
True
Is 118566563 a prime number?
True
Is 1748356787 a composite number?
True
Is 1314430417 prime?
True
Is 398507129 prime?
False
Is 569791595 composite?
True
Is 492679721 prime?
False
Is 25868831 a prime number?
True
Is 16388709637 a prime number?
False
Is 81570465643 composite?
False
Is 7181454661 composite?
True
Is 13385051783 composite?
False
Is 208770129193 a composite number?
False
Is 1409803322 a composite number?
True
Is 10332379489 composite?
False
Is 111487139 prime?
False
Is 2435376947 composite?
True
Is 377315347 prime?
True
Is 1764120691 a composite number?
False
Is 6287711713 a prime number?
True
Is 72526379 a composite number?
False
Is 23469236683 a prime number?
False
Is 327710507 prime?
True
Is 46532018491 a composite number?
True
Is 13052432269 prime?
True
Is 586685746711 a composite number?
False
Is 405424309 a composite number?
True
Is 74318792123 prime?
False
Is 390808207 composite?
True
Is 180319554331 prime?
False
Is 177987845229 a prime number?
False
Is 1441655731 a composite number?
True
Is 15207224753 prime?
False
Is 260891681 prime?
True
Is 2167085267 prime?
True
Is 7212370579 a composite number?
True
Is 8242141009 a composite number?
False
Is 969584767 a composite number?
False
Is 1059615943 a composite number?
True
Is 66114527 a composite number?
False
Is 7324867633 prime?
False
Is 1518186083 a prime number?
True
Is 186761009 prime?
True
Is 39258058649 composite?
False
Is 20693276735 prime?
False
Is 6340425779 composite?
False
Is 77343571423 composite?
False
Is 460183663 composite?
False
Is 247400513 a prime number?
True
Is 2011427261 composite?
False
Is 76081838237 a prime number?
True
Is 25803603506 composite?
True
Is 9239738707 a composite number?
False
Is 73833755293 a composite number?
True
Is 1768145686 a composite number?
True
Is 11709398789 a composite number?
True
Is 1000362017 prime?
True
Is 7334114453 a prime number?
False
Is 961690769 a composite number?
True
Is 162539249 a prime number?
False
Is 12782789653 a prime number?
True
Is 16144884373 a prime number?
False
Is 4203650219 a prime number?
False
Is 693006442 a prime number?
False
Is 1701875057 composite?
True
Is 702735929 a composite number?
True
Is 15933980077 prime?
False
Is 7035223387 a prime number?
True
Is 1916810243 a composite number?
True
Is 7059531607 a composite number?
False
Is 25264464451 prime?
False
Is 56963953 composite?
True
Is 1113607441 a prime number?
True
Is 861434447 a composite number?
False
Is 1372285361 prime?
False
Is 2237304653 a prime number?
True
Is 535917441167 a prime number?
True
Is 88281678409 prime?
False
Is 26054757961 a composite number?
False
Is 2354336183 prime?
False
Is 3971091899 a prime number?
False
Is 5116689713 a prime number?
True
Is 2552707585 prime?
False
Is 1105894607 composite?
False
Is 6448549519 a prime number?
False
Is 18077661059 composite?
True
Is 147540999131 composite?
True
Is 31572302771 a composite number?
False
Is 136841158819 a composite number?
False
Is 12006056435 a composite number?
True
Is 92403877 a composite number?
False
Is 16719309287 a prime number?
True
Is 135191513 a composite number?
False
Is 3121602599 composite?
True
Is 290495909491 a composite number?
True
Is 15428396023 prime?
False
Is 1204722709 composite?
True
Is 18187913 a prime number?
True
Is 13707641 prime?
False
Is 393589877 composite?
False
Is 4077621857 a composite number?
True
Is 86714581 prime?
False
Is 5315536909 a prime number?
True
Is 53832255931 composite?
True
Is 650577209 prime?
True
Is 2542714093 composite?
False
Is 261748855133 prime?
True
Is 439957319 a prime number?
False
Is 65961341981 a prime number?
True
Is 8873070439 a composite number?
True
Is 4461235673 prime?
True
Is 18994932893 composite?
True
Is 68548206247 a prime number?
True
Is 9251917097 prime?
True
Is 24209645171 prime?
False
Is 21976383487 prime?
False
Is 399807637 prime?
False
Is 28190970191 composite?
True
Is 9668140759 a prime number?
True
Is 365977399 a composite number?
True
Is 330995281 prime?
False
Is 4575931573 a prime number?
False
Is 6486423613 a prime number?
False
Is 1159139678 a composite number?
True
Is 8782650127 prime?
True
Is 367873073 composite?
False
Is 36568001839 a prime number?
True
Is 10353581573 a prime number?
False
Is 2685785477 a prime number?
False
Is 10150647523 a prime number?
False
Is 697974817 prime?
False
Is 30935332817 prime?
False
Is 546025985 composite?
True
Is 2466792499 a prime number?
True
Is 2199252169 composite?
True
Is 64216387 a prime number?
True
Is 4309452623 a composite number?
True
Is 495532511 a prime number?
True
Is 11114809289 a prime number?
False
Is 6073370101 composite?
False
Is 598986237167 prime?
True
Is 7218594619 prime?
True
Is 1921456211 composite?
True
Is 5690361658